 - 3*j - 2. Let i be d(11). Let b be 156/i*2/(-2)*39. Calculate the greatest common divisor of 52 and b.
13
Let p be (-6)/(-4)*(-5 + 1) + 3713. What is the greatest common factor of 11 and p?
11
Suppose -5*g + 3*g = 208. Let a = 66 - g. Let h(l) = -287*l - 8542. Let k be h(-30). What is the greatest common factor of a and k?
34
Suppose 11 = -2*c + 5*v, c - 3*v + 5 + 3 = 0. What is the greatest common factor of 112 and c?
7
Suppose 4*y + 3*k = 265, -5*y + 50 = 3*k - 285. What is the highest common divisor of y and 574?
14
Let l(f) = 141*f - 3015. Let b be l(49). What is the greatest common factor of b and 59?
59
Let g = -26287 + 26508. Let m(p) = 5*p + 2. Let r be m(3). Calculate the greatest common factor of r and g.
17
Let a = -127 + 129. Let v(x) = x**3 - 8*x - 1. Let z be v(3). Calculate the greatest common factor of z and a.
2
Suppose 4*s = -3*r - 595, 3*s + 5*r + 597 = -s. Let l = s + 154. Suppose 4*a - 5 - 71 = -2*z, -3*z - 5*a = -110. Calculate the highest common factor of z and l.
6
Let p be 9 - ((5 - (2 + 2)) + -145). What is the greatest common divisor of 117 and p?
9
Let a(b) = -68 - 16*b - 7*b + 25. Let f be a(-10). What is the greatest common factor of f and 17?
17
Let b be -4 + (12 - 14) + 51. What is the greatest common factor of b and 30?
15
Let x = -1007 + 1670. What is the highest common factor of x and 833?
17
Let g be 12008/(-3318)*(-3)/(-2)*21/(-6). What is the highest common factor of g and 8417?
19
Suppose -54 = 86*a - 104*a. Calculate the greatest common factor of a and 1881.
3
Suppose 5*c - m - 523 = -91, 2*m = -2*c + 180. Let n = 128 + c. What is the greatest common factor of 129 and n?
43
Let t = -703 + 698. Let l be 23 - 2*(-6 - t). Calculate the greatest common divisor of 125 and l.
25
Suppose -72 = 7*k + 69 - 239. What is the greatest common divisor of 1099 and k?
7
Let l be 2/(-7) + (208/91 - -2). Let z be 35 - 1*(l - 6). Calculate the highest common divisor of z and 148.
37
Let h be (-60)/40*(-6)/(1 - 0). Let a be h - 0*5/10. Calculate the greatest common divisor of 81 and a.
9
Let v = 87 + 45. Suppose -v = -2*g + 4*s, 5*g - 139 = -s + 136. Calculate the greatest common divisor of g and 14.
14
Suppose 39*h - 42*h = 2*p - 8375, -2 = -2*h. Calculate the greatest common divisor of p and 182.
182
Suppose 121 + 1927 = 8*q. Let m be ((6/1)/((-2)/(-16)))/((-42)/(-28)). Calculate the greatest common divisor of m and q.
32
Suppose 8*v = 47 + 1. Suppose -94*l = -142*l + 144. Calculate the greatest common divisor of l and v.
3
Let m(y) = -4*y + 174. Let o be m(41). Suppose -4*k + 465 = 5*f, -2*f + o - 8 = 0. What is the highest common divisor of 69 and k?
23
Let n be -7*(-27)/63*1. Suppose -4*w + 2*m = -322, -n*m = -5*w + 200 + 203. What is the highest common factor of w and 200?
40
Let w be 28/2*1 - -70. What is the highest common divisor of 2667 and w?
21
Let w(a) = 14*a + 6. Let d be w(-2). Let n = -19 - d. Suppose -2*k + n*r + 5 = 0, -2*k + 0*k = -5*r + 1. Calculate the highest common divisor of 63 and k.
7
Suppose 347*u - 336*u - 29502 = 0. Calculate the greatest common factor of u and 18.
18
Let o(a) = 83*a**3 + 6*a**2 - 6*a - 1. Let i be o(2). Suppose -33*f = -37*f + 300. What is the highest common divisor of f and i?
75
Suppose 0 = -4*w + 38 - 54. Let a(s) = 2*s**3 + 7*s**2 - 3*s + 8. Let b be a(w). What is the greatest common factor of 48 and b?
4
Let r = 531 - 166. Suppose 10*u = 15*u - r. What is the highest common factor of u and 803?
73
Suppose -131*q + 144*q - 20072 = -180*q. Calculate the greatest common divisor of q and 10192.
104
Let q(k) = 3*k**3 + 13*k**2 + 4*k - 6. Let t be q(-3). Let i = t + 112. What is the highest common factor of i and 20?
10
Let w(i) = -i**2 - 6*i + 3. Let k be 2/3*(-180)/30. Let y be w(k). Calculate the highest common factor of y and 55.
11
Let g = -12040 - -12059. What is the greatest common divisor of g and 62928?
19
Suppose -1946*c + 1943*c + 4*v + 18476 = 0, 18480 = 3*c - 3*v. Calculate the greatest common factor of c and 46.
46
Suppose -t + 2*u + 21 = 0, -2*t + 2*u - 39 = -5*t. Suppose -q + r = 1, -3*q - 9 = -6*q - r. Let f = q + 3. Calculate the greatest common divisor of f and t.
5
Suppose -15 = -3*m, o + 2*m - 312 - 490 = 0. Suppose -2*p = 34*p - o. What is the highest common divisor of 286 and p?
22
Let i(z) = -9*z**2 + 89*z + 28. Let h be i(7). Calculate the highest common factor of h and 330.
30
Suppose -129 - 41 = -r. Let h = r + -166. What is the greatest common factor of 40 and h?
4
Let p = -501 + 565. Suppose -86*v + p*v = -968. Let u = 60 + 6. Calculate the greatest common factor of v and u.
22
Suppose 77*p = 68*p + 2817. Let m = p + -183. Calculate the highest common divisor of m and 65.
65
Let p = -15637 + 22443. Calculate the greatest common factor of p and 83.
83
Let a be (-5 - -15)/(-2) + 852 - 2. Suppose 127 + a = 12*c. Let v be 9/(-4)*(-5 + 1). What is the highest common divisor of v and c?
9
Let a = 60 + -34. Let h = -5645 - -6347. Calculate the greatest common factor of a and h.
26
Let j(q) = 139*q**2 - 232*q + 1139. Let l be j(5). What is the highest common factor of l and 66?
22
Suppose 3*g - k - 853 = 0, 4*g - 3*g - k - 283 = 0. Calculate the highest common divisor of 105 and g.
15
Suppose 0 = 5*o - 6*o. Suppose -u + q - 8 = o, 3*q - 40 = -3*u + 8*u. Let j be (-14)/u*(-21 - -137). Calculate the highest common divisor of j and 29.
29
Suppose 180*u - 29*u = -85*u + 26432. What is the highest common factor of u and 4732?
28
Let y(w) = w**3 + 3*w**2 - 3*w - 6. Let a be y(-3). Suppose -a*j = -55 + 412. Let o = -97 - j. Calculate the highest common factor of o and 110.
22
Let y be 127*1*(-15 - 1469/(18 - 31)). Calculate the highest common factor of 98 and y.
98
Let p(m) = -6 + 7*m + 3*m + 2*m. Let k be -2*9/30*(-150)/45. Let c be p(k). What is the greatest common divisor of 162 and c?
18
Let r = -12 - -15. Let o be r/(-12) - 100/(-16). Suppose -o*u + 61 = 13. What is the highest common factor of 72 and u?
8
Let x(c) = 3*c + 600. Let f be x(17). Calculate the highest common divisor of f and 21.
21
Let a be (-8512)/(-140) + (-8)/10. Let b be ((-4)/(a/9))/((-5)/75). Let g(x) = 18*x**2 + x - 1. Let t be g(1). Calculate the highest common factor of t and b.
9
Let d(v) = -4*v + 46. Let z be d(9). Let s(m) = -24*m + 54. Let q be s(-4). Calculate the highest common divisor of q and z.
10
Suppose 22 = 4*y - 3*s, -18 = -y - y + 5*s. Let v(x) = -5*x**2 - 10*x + 36. Let l be v(6). Let i = 216 + l. Calculate the highest common factor of y and i.
4
Let a be (30/(-27) - -1) + (-15239)/63. Let q = a - -244. Suppose -2*b = 2 - 6. Calculate the greatest common factor of b and q.
2
Suppose 0 = -10*a + 1040 - 60. Let b = -96 + a. Let p be ((-4)/6)/((-3)/(153/b)). What is the highest common divisor of p and 119?
17
Let i(v) = 2*v - 44. Let c be i(23). Let p(w) = 32*w**2 - 3*w + 8. Let b be p(c). Calculate the greatest common divisor of 26 and b.
26
Suppose 2*g = -3*n + 348, -4*g + 466 = 3*n - 236. Let x = g + -117. What is the highest common factor of x and 24?
12
Let o = -5 + 46. Let n = o - 38. Suppose -n*r = -3*a - 129, -r - 8*a + 34 = -6*a. What is the highest common divisor of 20 and r?
20
Let h = 234 + -231. Suppose -2*q - h*v + 46 = 0, 2*q + 14*v - 26 = 16*v. Calculate the greatest common factor of q and 2.
1
Let v(i) = i**3 - 11*i**2 - 2*i - 16. Let c(m) = 4*m - 32. Let j be c(11). Let y be v(j). Calculate the greatest common factor of y and 13.
13
Let k(u) = u - 16. Let p be k(10). Let z be 64/p*((-18)/4 - 3). Calculate the highest common divisor of z and 100.
20
Let j = -230 - -342. Suppose 112 = 4*z + 2*v + 2*v, -4*z = -4*v - j. What is the greatest common factor of z and 7?
7
Let m(r) = r + 10. Let g be m(0). Let k = -425 - 1. Let u = k - -506. Calculate the greatest common factor of g and u.
10
Let n = 136 - 120. Let a be (-2798)/(-4) - (-15 + 7)/n. Calculate the highest common divisor of a and 28.
28
Let h = 2395 + -1153. What is the greatest common factor of h and 184?
46
Let k = 13557 + -13512. Calculate the highest common divisor of 105 and k.
15
Suppose 6*k - 624 = 4*k. Calculate the greatest common divisor of 780 and k.
156
Let k = 132 - 61. Let l = 101 - k. What is the greatest common factor of 54 and l?
6
Suppose -14*k + 20 = -16*k. Let a be (-3942)/(-45